common divisor of y and 48.
24
Suppose -6*v - 24 = -2*v. Let a be (-16)/12 + (-602)/v. Calculate the highest common factor of 11 and a.
11
Let l(y) = -y**3 + 4*y**2 + 6*y + 1. Let b be l(5). Suppose -3*g - g + 8 = 0. Let a be 16 + -2*4/g. Calculate the highest common factor of a and b.
6
Let c be (1635/12 - -2) + 4/(-16). What is the highest common factor of 207 and c?
69
Let l be (-5 - 0)*1*-1. Let c(u) = 8*u. Let r be c(l). Suppose 4*a + p = -3*p + r, 9 = a + 2*p. What is the highest common factor of 44 and a?
11
Suppose 0 = m + 10 - 8. Let n be 4530/45 + m/3. What is the greatest common factor of n and 20?
20
Let c(p) = -p**2 + 10*p - 22. Let i be c(6). Calculate the greatest common factor of 98 and i.
2
Let i be 3/(390/3230) + (-12)/(-78). Suppose t + 4*t = 5*h + 225, 4*h + 30 = t. Calculate the greatest common divisor of t and i.
25
Let o(n) = 2*n**3 - 2*n**2 + 6*n - 5. Let m be o(5). Let b(y) = 6*y + 85. Let r be b(-10). Calculate the highest common divisor of m and r.
25
Let v = 133 + -130. What is the highest common divisor of 3 and v?
3
Let z = 3084 - 3067. Calculate the greatest common factor of z and 1003.
17
Let t(h) = -6*h**2 - 14*h - 27. Let s(z) = -z**2. Let v(g) = -5*s(g) + t(g). Let q be v(-7). What is the greatest common divisor of q and 33?
11
Let p(f) = -f**2 + 40*f - 287. Let t be p(21). Suppose 2*x - 38 = -k, x - 25 = -k + 18. What is the greatest common factor of k and t?
16
Let a(b) = -2*b**3 - 17*b**2 - 4*b. Let c(m) = -m**3 - m**2 - m. Let f(n) = -a(n) + 3*c(n). Let d be f(14). What is the highest common divisor of 28 and d?
14
Suppose -n - 728 = -4*j, 2*n + 182 = j + n. Calculate the greatest common factor of 7 and j.
7
Let i = 223 - 220. What is the highest common factor of 8 and i?
1
Suppose 4*h + 4*j - 328 = 0, j - 43 = 2*h - 207. Suppose -30 + h = 2*v. Calculate the greatest common factor of 65 and v.
13
Suppose -i + 8*v + 31 = 4*v, 5*i - 132 = -3*v. Calculate the highest common divisor of 513 and i.
27
Let n be 12/(-28) + 1522/7. Let k(v) = 6*v + 7. Let g = 29 + -25. Let w be k(g). Calculate the greatest common factor of w and n.
31
Suppose -33 = 40*s - 113. What is the highest common divisor of 74 and s?
2
Let d be (-1)/(-3) - (-140)/12. Suppose 0 = 8*u + 6*u - 168. Calculate the highest common divisor of u and d.
12
Let b(z) be the third derivative of -z**4/24 + 3*z**3 + z**2. Let h be b(0). Let x be (-20)/(-8)*(-48)/(-20). What is the highest common divisor of h and x?
6
Let j = -97 - -141. Suppose z - 71 = -r, 5*z + 92 = 2*r - 15. Calculate the greatest common factor of r and j.
22
Let l be 0*(6 - (2 + 3)). Suppose 3*g = g. Suppose g = -l*j - 2*j + 132. Calculate the highest common factor of j and 6.
6
Let u(x) = x**2 - 7*x - 1. Let s be u(6). Let f(p) = p**3 + 6*p**2 - 4*p + 3. Let n be f(s). Let g = 30 + n. What is the greatest common factor of g and 24?
12
Let q(m) = -m**2 + 11*m - 8. Let i be q(10). Suppose -w = 3*n + 11, i*w + 30 - 5 = -5*n. Let f = w + 32. Calculate the highest common factor of 24 and f.
12
Suppose 0 = -2*t + 4*t + 960. Let b be t/(-1 + 2) - 3. Let w be (12/(-14))/(3/b). Calculate the greatest common divisor of 23 and w.
23
Let s be ((-6)/(-5))/((-15)/(-175)). Let v(g) = 6 + 1 - g**3 - 2*g**2 + 3 - 5*g**2 + 2*g. Let r be v(-9). Calculate the greatest common divisor of r and s.
14
Suppose -128 - 232 = -6*i. Let n(w) = -w**2 + 6*w - 1. Let c be n(3). Suppose 4*m + h = -m + 104, 0 = -2*h + c. What is the greatest common divisor of m and i?
20
Suppose -37*s - 4*s + 11726 = 0. What is the highest common factor of 66 and s?
22
Let x = -1798 - -2334. What is the highest common factor of x and 938?
134
Let f = 16 - 2. Suppose 3*n - 67 = f. Suppose -u - 36 = -3*u. What is the greatest common divisor of n and u?
9
Let m = 0 + 1. Let c be (0*2/(-4))/m. Suppose 0 = u - 0*u - 1, c = 5*r + 3*u - 23. Calculate the highest common factor of r and 12.
4
Let h = -48 - -93. Let n(j) = j**3 - 5*j**2 - 13*j - 2. Let u be n(7). Calculate the greatest common divisor of u and h.
5
Let g be (-2)/12 - 6339/(-18). Calculate the greatest common divisor of 32 and g.
32
Let v(p) = -57*p + 14. Let j be v(9). Let o = -352 - j. What is the greatest common divisor of 21 and o?
21
Suppose 0 = 50*f - 46*f - 28. Suppose a + f - 39 = 0. Let m = -2 + 10. What is the highest common factor of a and m?
8
Let l = -1293 - -1386. What is the highest common factor of l and 248?
31
Suppose -5*v - 20 = 0, 4*v = o + 3*v - 8. Calculate the greatest common divisor of 3 and o.
1
Let u(j) = -j**2 + 39*j - 93. Let t be u(20). Calculate the greatest common factor of 164 and t.
41
Let n = -138 + 156. Calculate the highest common factor of n and 738.
18
Suppose 6*x + 20 = 8*x. Let k(h) = -h - 1. Let c be k(-6). Suppose c*i - 5*u = -0*u + 65, 0 = -2*i - 2*u + 34. What is the highest common divisor of x and i?
5
Let o be (-75)/(-27) - (-2)/9. Let w = 2 + o. Suppose w*s - 2*s = 528. Calculate the greatest common divisor of 22 and s.
22
Let b be (-15)/(-3 - 2) - (1 + -1). Let w(l) = -l**3 - 5*l**2 + 6*l + 6. Let s be w(-6). What is the greatest common factor of s and b?
3
Suppose -84 = -3*m - 0*m. Suppose -2*q - 6 = -14. Suppose 0 = q*h + h - 35. Calculate the greatest common divisor of m and h.
7
Let z(o) = 2*o - 2. Let s be z(3). Let y be (0 + -33)/((-3)/2). Let b be 1*y/s*4. What is the greatest common divisor of 33 and b?
11
Let q(h) = 26 + 3*h + 10*h**3 - 4*h - 27 - 3*h**2 + 5*h. Let i be q(2). Calculate the greatest common divisor of i and 15.
15
Let h(q) = 10*q - 3. Let c be h(1). What is the highest common factor of 238 and c?
7
Let q(w) = -5*w + 2*w**3 + 4*w**2 - 7*w**2 - 11*w**2 + 7 + 6*w. Let u be q(7). What is the highest common factor of 98 and u?
14
Let i(v) = 9*v - 13. Let r be (2 + -1)/((-15)/(-105)). Let w be i(r). What is the greatest common divisor of 125 and w?
25
Let r(p) = 2*p**2 + 17*p - 85. Let b be r(7). Calculate the greatest common divisor of 3 and b.
3
Let i(b) = 2*b - 32. Let a be i(23). Let v(n) = -n**3 + 16*n**2 - 23*n - 1. Let w be v(a). What is the highest common factor of 23 and w?
23
Let i = 14 - -30. Let l be ((-56)/(-49))/(4/14). What is the highest common divisor of l and i?
4
Let p be -4*3/6 + 300. Let m = 10 + 38. Suppose 3*h + n = -m + p, n = h - 86. Calculate the greatest common divisor of h and 21.
21
Let g(m) = -m**2 + 31*m + 4. Let w be g(10). Suppose z = w - 62. What is the highest common factor of 19 and z?
19
Let r = -170 + 187. What is the highest common divisor of 119 and r?
17
Let t = -5 + 9. Let q = t + 26. Let n(j) = -j**3 + 12*j**2 + 2*j - 19. Let s be n(12). Calculate the greatest common divisor of q and s.
5
Let d(j) = j**2 + 14*j - 6. Let l be d(-16). Suppose 0 = 3*k - 90 + 12. Calculate the greatest common factor of k and l.
26
Let c(i) = i**2 - 7*i + 24. Suppose 0 = 3*x - 4 - 23. Let t be c(x). Calculate the highest common divisor of 126 and t.
42
Suppose 5*d - 9 = -3*f + 3, 5*d - 5*f + 20 = 0. Let c be d - (-13)/(39/18). What is the greatest common factor of 6 and c?
6
Suppose -26 = 13*w - 221. Calculate the highest common factor of 255 and w.
15
Let d = 4 + -4. Suppose -f + 53 = 4*b, -2*b + 4*b + 2*f - 22 = d. Suppose 2*t - 53 = -0*t + v, 4*v = 5*t - 128. Calculate the greatest common factor of b and t.
14
Suppose 2*b + 2*y = 10, -6*b + 2*b = -4*y - 4. Suppose 0 = -2*v + b*v - 187. What is the highest common factor of v and 17?
17
Let m be (-2766)/(-14) + (-18)/(-42). Let c = -25 + 79. Suppose 3*f + c = 6*f. What is the greatest common factor of m and f?
18
Let c be (5 - 5/((-20)/228)) + 5. Calculate the highest common factor of c and 1.
1
Suppose 116 = -64*s + 65*s. Suppose -119*o = -s*o - 6. Calculate the greatest common divisor of 2 and o.
2
Suppose 59*w - 63*w = -12. Suppose -w*l = -l + 10, -5*m + 300 = -3*l. Calculate the greatest common factor of 38 and m.
19
Suppose -d - 2 = s, -3*s + 4*d + 20 = -s. Let v = 16 + s. What is the greatest common factor of 12 and v?
6
Suppose 0 = 2*o - 4*s + s + 5, 2*s + 10 = 4*o. Calculate the greatest common divisor of 345 and o.
5
Let z(s) = 2*s**2 - 76*s + 5. Let n be z(40). What is the greatest common divisor of 66 and n?
33
Let d be -1*((3 - 4) + -3). Suppose m + 3*j = -d*m + 100, 3*j - 40 = -2*m. What is the highest common factor of m and